t) = t**3 + 13*t**2 + 20*t + 239. Determine g(-10).
339
Let p(l) = -l**3 - 4*l**2 + l + 77. Give p(0).
77
Let n(h) = 113*h**2 + 568*h + 11. Give n(-5).
-4
Let w(a) = a**3 + 33*a**2 - 121*a - 462. Calculate w(-36).
6
Let t(n) = 329*n**2 + 12*n - 2. Calculate t(-1).
315
Let j(n) = 2437*n - 9745. Give j(4).
3
Let l(k) = 2*k**2 + 3*k - 519. Calculate l(16).
41
Let l(y) = -y**3 - 22*y**2 + 47*y - 10. Calculate l(-24).
14
Let l(i) = -i**2 + 55*i + 1635. What is l(79)?
-261
Let k(b) = -60*b + 1506. What is k(25)?
6
Let p(w) = 67396*w - 269584. Calculate p(4).
0
Let h(r) = -6719*r - 26877. Determine h(-4).
-1
Let s(m) = -2*m**2 - 24*m + 166. Determine s(-17).
-4
Let f(g) = -3*g - 106. Calculate f(-33).
-7
Let k(p) = -p**3 - 21*p**2 - 74*p - 20. Determine k(-15).
-260
Let i(n) = n**3 - 10*n**2 - 13*n + 194. Give i(9).
-4
Let y(w) = -2*w**2 + 25*w + 71. Give y(13).
58
Let i(w) = -w**3 + 47*w**2 - 117*w - 637. Give i(44).
23
Let d(a) = 56*a - 263. Determine d(5).
17
Let y(i) = -3*i**3 - 50*i**2 - 78*i - 12. Give y(-15).
33
Let g(d) = 110*d - 581. Determine g(4).
-141
Let m(z) = -z**2 + 371*z + 13782. Determine m(-34).
12
Let h(c) = c**3 - 55*c**2 + 101*c + 6. Give h(2).
-4
Let k(g) = g**3 - 116*g**2 - 1127*g + 57. Determine k(-9).
75
Let x(v) = 11*v + 122. What is x(-27)?
-175
Let w(d) = 54*d - 3678. Give w(68).
-6
Let h(g) = -g**3 + 84*g**2 - 101*g + 1523. Calculate h(83).
29
Let j(z) = z**2 + 48*z + 25. Calculate j(-49).
74
Let l(g) = g**3 - 9*g**2 - 44*g + 177. Give l(13).
281
Let v(c) = c**2 - 901*c + 46534. Determine v(55).
4
Let g(u) = u**3 - 8*u**2 - 9*u + 1. Calculate g(-2).
-21
Let x(l) = -2*l**3 + 258*l**2 - 257*l + 129. Give x(128).
1
Let s(c) = 2*c**2 - 8*c - 29. What is s(-3)?
13
Let i(h) = -2*h**2 - 68*h + 1205. Calculate i(-46).
101
Let q(y) = y**3 - 8*y**2 - 77*y + 30. What is q(-7)?
-166
Let i(f) = -614*f - 65079. Give i(-106).
5
Let j(r) = r**2 + 28*r - 261. Determine j(-35).
-16
Let m(c) = -c**2 - 18*c - 85. Calculate m(-7).
-8
Let x(m) = -12338*m + 61696. Give x(5).
6
Let p(y) = -y**3 - 23*y**2 + 7*y + 132. Determine p(-23).
-29
Let p(r) = -28*r**3 - 6*r**2 + 5*r + 14. What is p(-2)?
204
Let n(s) = s**3 - 15*s**2 - 2*s + 12. Give n(15).
-18
Let r(q) = q**3 + 7*q**2 + 166*q + 323. What is r(-2)?
11
Let u(r) = -16*r - 305. Calculate u(-28).
143
Let s(d) = -d**3 + 14*d**2 + 43*d + 131. Calculate s(17).
-5
Let w(a) = 4*a**2 - 13*a + 16. Determine w(-8).
376
Let u(h) = -4917*h - 44205. What is u(-9)?
48
Let h(z) = z**3 + 23*z**2 + 63*z + 53. Calculate h(-20).
-7
Let a(p) = -12*p + 427. Calculate a(-29).
775
Let g(f) = 219*f - 5926. Determine g(27).
-13
Let b(n) = -23*n**2 - 89*n + 20. What is b(-5)?
-110
Let b(u) = -261*u + 2524. Determine b(10).
-86
Let m(v) = -750*v + 6057. Calculate m(8).
57
Let p(r) = 11*r + 478. What is p(-42)?
16
Let w(l) = l**3 - 11*l**2 + 8*l - 9. Calculate w(4).
-89
Let c(s) = 2099*s - 14704. What is c(7)?
-11
Let n(b) = 82*b + 18. What is n(0)?
18
Let a(w) = -w**2 + 101*w + 977. What is a(-9)?
-13
Let q(y) = y**2 - 122*y + 1086. Give q(10).
-34
Let p(x) = 97*x - 1332. Give p(14).
26
Let f(v) = 367*v**3 - v**2 + 2*v + 3. What is f(-1)?
-367
Let z(h) = h**2 + 96*h - 1712. Give z(16).
80
Let j(p) = -89*p**2 + 93*p. Determine j(1).
4
Let q(y) = -y**2 + 25*y - 125. Calculate q(19).
-11
Let q(n) = -8*n**2 - 67*n - 28. Calculate q(-9).
-73
Let v(y) = -y**2 + 278*y + 2299. Determine v(-8).
11
Let k(a) = -2*a**3 + 182*a**2 - 1764*a + 25. What is k(11)?
-19
Let p(c) = 8*c + 49. Calculate p(-5).
9
Let c(x) = -x**3 - 39*x**2 - 77*x - 164. Determine c(-37).
-53
Let c(y) = -18*y**2 + 183*y - 11. Calculate c(10).
19
Let m(q) = 757*q - 129452. What is m(171)?
-5
Let h(r) = -28*r - 1554. What is h(-55)?
-14
Let y(l) = -l + 53. What is y(49)?
4
Let n(o) = -665*o - 1937. Give n(-3).
58
Let q(k) = -k**3 - 109*k**2 - 213*k - 372. What is q(-107)?
-479
Let q(p) = -2*p**3 - 37*p**2 + 70*p + 1583. Calculate q(-18).
-1
Let i(y) = 154*y + 2914. What is i(-19)?
-12
Let c(t) = 188*t - 1251. Calculate c(7).
65
Let g(t) = 1416*t + 51037. Calculate g(-36).
61
Let q(m) = 4*m - 103. What is q(14)?
-47
Let z(d) = d**3 + 4*d**2 - 32*d - 142. Give z(-5).
-7
Let c(a) = -a**3 - 66*a**2 - 412*a + 36. What is c(-59)?
-23
Let n(t) = t. Calculate n(-13).
-13
Let g(q) = -98*q - 554. Determine g(-12).
622
Let u(k) = -k**2 + 26*k - 110. Determine u(22).
-22
Let h(t) = 60*t + 1433. Give h(-18).
353
Let t(l) = 148*l**2 - 870*l - 15. Give t(6).
93
Let g(p) = -p**2 + 35*p + 571. What is g(-12)?
7
Let p(r) = 16*r**2 + 289*r + 2. Calculate p(-14).
-908
Let x(m) = -1940*m + 15511. What is x(8)?
-9
Let p(t) = 40*t - 171. Give p(9).
189
Let r(m) = 5*m**2 + 15*m - 9. What is r(3)?
81
Let b(m) = -34*m - 294. Calculate b(9).
-600
Let k(a) = -6*a**3 + 6*a**2 + 795*a - 17. What is k(-11)?
-50
Let d(f) = -2*f**2 - 65*f + 911. Determine d(-43).
8
Let v(q) = 1893*q + 433501. Calculate v(-229).
4
Let c(g) = g**2 - 12*g - 63. Determine c(-4).
1
Let k(y) = 69*y - 1665. Give k(30).
405
Let j(d) = -7*d**2 - d + 145. Determine j(0).
145
Let c(z) = -124*z - 994. Give c(-8).
-2
Let p(z) = -4*z + 80. Determine p(17).
12
Let f(v) = -231*v + 3231. What is f(14)?
-3
Let g(r) = 70*r + 774. Calculate g(-11).
4
Let d(j) = 34*j - 49. What is d(3)?
53
Let h(p) = 174*p - 324. Calculate h(2).
24
Let i(p) = p**3 + 71*p**2 + 136*p + 75. Calculate i(-69).
213
Let r(i) = -2*i**3 + 6*i**2 + 17. Give r(4).
-15
Let p(n) = -n**3 - 25*n**2 - 170*n - 351. Calculate p(-5).
-1
Let v(i) = 19*i - 68. Determine v(4).
8
Let r(s) = -2*s + 28. What is r(-4)?
36
Let n(g) = 13*g**3 + 1336*g**2 - 308*g + 112. Determine n(-103).
9
Let g(l) = -l**2 - 157*l + 17722. What is g(76)?
14
Let o(m) = -2*m**2 + 89*m - 656. Determine o(9).
-17
Let l(a) = 95*a - 571. Determine l(9).
284
Let i(m) = 81*m - 10354. Give i(128).
14
Let o(h) = -h**2 - 112*h - 2721. Calculate o(-76).
15
Let q(x) = 3*x**3 + 12*x**2 + 11*x + 32. What is q(-4)?
-12
Let b(r) = -40*r - 1568. Calculate b(-39).
-8
Let g(t) = -233*t**2 + 5*t - 5. Determine g(1).
-233
Let w(m) = -948*m - 4738. What is w(-5)?
2
Let u(p) = 779*p + 4675. Determine u(-6).
1
Let c(b) = -139*b**2 - 84*b - 3. Determine c(2).
-727
Let w(i) = 175*i + 522. Calculate w(-3).
-3
Let v(g) = g**2 - 1327*g - 12025. Give v(-9).
-1
Let b(u) = -9*u + 736. Give b(83).
-11
Let l(t) = -2*t**2 - 116*t + 611. What is l(5)?
-19
Let k(b) = 141*b**2 - b. What is k(1)?
140
Let n(g) = -403*g - 1616. Calculate n(-4).
-4
Let f(j) = 49*j + 230. Calculate f(-2).
132
Let x(c) = -3*c**2 - 73*c + 44. Calculate x(-27).
-172
Let j(i) = 2*i**3 + 73*i**2 + 178*i + 2547. Give j(-35).
-8
Let m(b) = -20*b + 774. Calculate m(38).
14
Let j(h) = h**2 + 110*h + 519. Give j(-105).
-6
Let f(d) = -3974*d + 39752. Give f(10).
12
Let z(s) = s**3 - 12*s**2 + 53*s + 20. What is z(7)?
146
Let t(h) = -66*h**2 + 12804*h + 6. Calculate t(194).
6
Let l(z) = -z**2 - 232*z - 13442. Determine l(-117).
13
Let i(a) = a**2 - 133*a + 1119. Give i(9).
3
Let l(j) = -71*j**2 - 6*j - 5. What is l(-1)?
-70
Let u(f) = -120*f**2 - 1683*f + 19. Calculate u(-14).
61
Let i(a) = 3*a**2 - 7*a - 148. Give i(-9).
158
Let a(o) = -o**3 - 11*o**2 + 381*o + 4743. Calculate a(-14).
-3
Let c(v) = 2*v**2 + 85*v + 940. Give c(-26).
82
Let n(d) = -4*d**3 + 186*d**2 + 289*d - 44. What is n(48)?
4
Let m(u) = 92*u + 4183. Give m(-46).
-49
Let y(g) = g**3 + 20*g**2 - 18*g - 72. Give y(-21).
-135
Let v(g) = g**3 + 41*g**2 - 88*g - 75. Determine v(-43).
11
Let y(k) = 19*k**3 + 2*k**2 - k + 7. Determine y(-3).
-485
Let h(s) = -100*s - 92. What is h(-1)?
8
Let g(y) = -39*y + 1204. What is g(31)?
-5
Let a(c) = -c**3 - 10*c**2 - 23*c - 49. Determine a(-8).
7
Let h(j) = -j**3 - 28*j**2 + 14*j + 431. Determine h(-28).
39
Let k(w) = -2*w**3 + 49*w**2 + 76*w + 45. What is k(26)?
-7
Let p(b) = -16*b**2 + 733*b - 8404. What is p(23)?
-9
Let i(f) = -f**3 + 45*f**2 + 47*f - 24. Determine i(46).
22
Let u(m) = -5*m**2 + 97*m + 162. Determine u(21).
-6
Let k(t) = 2*t**3 + 4*t**2 + 10*t + 51. What is k(-3)?
3
Let x(h) = 6*h**2 - 30*h - 122. What is x(-5)?
178
Let c(n) = -12944*n + 64722. Determine c(5).
2
Let w(h) = h**2 + 35*h + 9. Calculate w(-16).
-295
Let i(c) = 2*c**2 + 10*c - 14. Calculate i(-6).
-2
Let v(d) = 39*d - 2254. Determine v(58).
8
Let l(y) = 2*y**2 - 17*y - 13.